{"id":2,"date":"2025-07-04T09:01:27","date_gmt":"2025-07-04T09:01:27","guid":{"rendered":"http:\/\/agencfy.cluster100.hosting.ovh.net\/?page_id=2"},"modified":"2025-07-10T12:17:18","modified_gmt":"2025-07-10T10:17:18","slug":"sample-page","status":"publish","type":"page","link":"https:\/\/agencesaintmichel.com\/index.php\/sample-page\/","title":{"rendered":"L&rsquo;Agence bis"},"content":{"rendered":"<div class=\"wp-block-image\">\n<figure class=\"aligncenter size-full\"><img loading=\"lazy\" decoding=\"async\" width=\"900\" height=\"400\" src=\"http:\/\/agencfy.cluster100.hosting.ovh.net\/wp-content\/uploads\/2025\/07\/ASM3-1.jpg\" alt=\"\" class=\"wp-image-4223\" srcset=\"https:\/\/agencesaintmichel.com\/wp-content\/uploads\/2025\/07\/ASM3-1.jpg 900w, https:\/\/agencesaintmichel.com\/wp-content\/uploads\/2025\/07\/ASM3-1-300x133.jpg 300w, https:\/\/agencesaintmichel.com\/wp-content\/uploads\/2025\/07\/ASM3-1-768x341.jpg 768w\" sizes=\"auto, (max-width: 900px) 100vw, 900px\" \/><\/figure>\n<\/div>\n\n\n<div style=\"height:36px\" aria-hidden=\"true\" class=\"wp-block-spacer\"><\/div>\n\n\n\n<h2 class=\"wp-block-heading has-text-align-center\"><mark style=\"background-color:rgba(0, 0, 0, 0);color:#0b4d96\" class=\"has-inline-color\">L&rsquo;Agence Saint Michel: Votre Partenaire Immobilier<\/mark><\/h2>\n\n\n\n<div style=\"height:24px\" aria-hidden=\"true\" class=\"wp-block-spacer\"><\/div>\n\n\n\n<p style=\"font-size:18px\">Votre partenaire immobilier de confiance depuis plus de&nbsp;50 ans \u00e0 La Turbie !<br>Vous appr\u00e9cierez notre connaissance du march\u00e9 et notre large zone d\u2019action couvrant les&nbsp;communes limitrophes de Monaco : La Turbie, Cap d\u2019Ail, Beausoleil et Roquebrune Cap&nbsp;Martin, mais aussi les communes environnantes comme Menton, Eze, Villefranche sur Mer,&nbsp;et tout l\u2019arri\u00e8re-pays proche avec Peille, Laghet etc\u2026<br>Fort de notre longue exp\u00e9rience dans le domaine de l\u2019immobilier, nous sommes fiers de vous&nbsp;offrir un service exceptionnel et des conseils d\u2019experts pour toutes vos transactions&nbsp;immobili\u00e8res. Notre engagement envers nos clients, notre passion pour l\u2019immobilier et notre&nbsp;connaissance approfondie du march\u00e9 local font de nous l\u2019agence de r\u00e9f\u00e9rence dans la&nbsp;r\u00e9gion.<br>Depuis nos modestes d\u00e9buts, nous avons \u00e9tabli une solide r\u00e9putation en offrant un service&nbsp;personnalis\u00e9 et en veillant aux int\u00e9r\u00eats de nos clients.<br>Que vous souhaitiez acheter, vendre ou louer une propri\u00e9t\u00e9 \u00e0 La Turbie ou dans les&nbsp;environs, nous mettons \u00e0 votre disposition notre expertise approfondie du march\u00e9 local.&nbsp;Nous comprenons que chaque transaction immobili\u00e8re est unique, c\u2019est pourquoi nous&nbsp;prenons le temps de vous \u00e9couter, de comprendre vos besoins et de vous fournir des&nbsp;solutions sur mesure.<br>En tant qu\u2019agence immobili\u00e8re \u00e9tablie depuis presque un demi-si\u00e8cle, nous avons d\u00e9velopp\u00e9&nbsp;un r\u00e9seau \u00e9tendu de contacts dans le secteur. Nous travaillons en collaboration avec des&nbsp;partenaires fiables pour vous offrir une exp\u00e9rience compl\u00e8te et sans souci.&nbsp;<br>Anne RODELATO, responsable de l\u2019agence, est titulaire d\u2019une ma\u00eetrise de Droit priv\u00e9 et a&nbsp;commenc\u00e9 \u00e0 travailler dans l\u2019agence en 1991 comme commerciale salari\u00e9e. Puis elle a&nbsp;rachet\u00e9 l\u2019agence en octobre 1994.<br>Elle s\u2019engage \u00e0 offrir un service client de premier ordre, en mettant l\u2019accent sur l\u2019int\u00e9grit\u00e9, la&nbsp;transparence et la satisfaction du client. Son objectif : d\u00e9passer vos attentes et vous guider&nbsp;vers la r\u00e9alisation de vos objectifs immobiliers en vous offrant une tranquillit\u00e9 d\u2019esprit tout au&nbsp;long du processus.<br>Contactez-nous d\u00e8s aujourd\u2019hui pour discuter de vos besoins immobiliers. L\u2019Agence Saint&nbsp;Michel est l\u00e0 pour vous offrir une expertise in\u00e9gal\u00e9e, une exp\u00e9rience de premier ordre et un&nbsp;service personnalis\u00e9. Faites confiance \u00e0 notre exp\u00e9rience pour faire de vos r\u00eaves&nbsp;immobiliers une r\u00e9alit\u00e9.<br>Plus de 50 ans\u2026 Ce n\u2019est pas un hasard !!!<\/p>\n\n\n\n<div class=\"wp-block-group\"><div class=\"wp-block-group__inner-container is-layout-constrained wp-block-group-is-layout-constrained\">\n<div style=\"height:13px\" aria-hidden=\"true\" class=\"wp-block-spacer\"><\/div>\n<\/div><\/div>\n\n\n\n<div class=\"wp-block-media-text is-stacked-on-mobile\" style=\"grid-template-columns:27% auto\"><figure class=\"wp-block-media-text__media\"><img loading=\"lazy\" decoding=\"async\" width=\"1024\" height=\"636\" src=\"http:\/\/agencfy.cluster100.hosting.ovh.net\/wp-content\/uploads\/2025\/07\/cropped-Logo-1024x636.webp\" alt=\"\" class=\"wp-image-12 size-full\" srcset=\"https:\/\/agencesaintmichel.com\/wp-content\/uploads\/2025\/07\/cropped-Logo-1024x636.webp 1024w, https:\/\/agencesaintmichel.com\/wp-content\/uploads\/2025\/07\/cropped-Logo-300x186.webp 300w, https:\/\/agencesaintmichel.com\/wp-content\/uploads\/2025\/07\/cropped-Logo-768x477.webp 768w, https:\/\/agencesaintmichel.com\/wp-content\/uploads\/2025\/07\/cropped-Logo-1536x953.webp 1536w, https:\/\/agencesaintmichel.com\/wp-content\/uploads\/2025\/07\/cropped-Logo.webp 1917w\" sizes=\"auto, (max-width: 1024px) 100vw, 1024px\" \/><\/figure><div class=\"wp-block-media-text__content\">\n<p class=\"has-medium-font-size\"><mark style=\"background-color:rgba(0, 0, 0, 0);color:#0b4d96\" class=\"has-inline-color\"><strong>AGENCE SAINT MICHEL <\/strong><\/mark><\/p>\n\n\n\n<p class=\"has-small-font-size\"><mark style=\"background-color:rgba(0, 0, 0, 0)\" class=\"has-inline-color has-black-color\"><strong>06320 LA TURBIE<br>France<br>+33 4 93 41 00 51<br>+33 6 80 86 24 33<\/strong><\/mark><mark style=\"background-color:rgba(0, 0, 0, 0);color:#0b4d96\" class=\"has-inline-color\"><br><a href=\"mailto:agencesaintmichel.06320@gmail.com\">contact@agencesaintmichel.com<\/a><\/mark><\/p>\n<\/div><\/div>\n","protected":false},"excerpt":{"rendered":"<p>L&rsquo;Agence Saint Michel: Votre Partenaire Immobilier Votre partenaire immobilier de confiance depuis plus de&nbsp;50 ans \u00e0 La Turbie !Vous appr\u00e9cierez notre connaissance du march\u00e9 et notre large zone d\u2019action couvrant les&nbsp;communes limitrophes de Monaco : La Turbie, Cap d\u2019Ail, Beausoleil et Roquebrune Cap&nbsp;Martin, mais aussi les communes environnantes comme Menton,<\/p>\n","protected":false},"author":1,"featured_media":0,"parent":0,"menu_order":0,"comment_status":"closed","ping_status":"open","template":"","meta":{"footnotes":""},"class_list":["post-2","page","type-page","status-publish","hentry"],"_links":{"self":[{"href":"https:\/\/agencesaintmichel.com\/index.php\/wp-json\/wp\/v2\/pages\/2","targetHints":{"allow":["GET"]}}],"collection":[{"href":"https:\/\/agencesaintmichel.com\/index.php\/wp-json\/wp\/v2\/pages"}],"about":[{"href":"https:\/\/agencesaintmichel.com\/index.php\/wp-json\/wp\/v2\/types\/page"}],"author":[{"embeddable":true,"href":"https:\/\/agencesaintmichel.com\/index.php\/wp-json\/wp\/v2\/users\/1"}],"replies":[{"embeddable":true,"href":"https:\/\/agencesaintmichel.com\/index.php\/wp-json\/wp\/v2\/comments?post=2"}],"version-history":[{"count":19,"href":"https:\/\/agencesaintmichel.com\/index.php\/wp-json\/wp\/v2\/pages\/2\/revisions"}],"predecessor-version":[{"id":4322,"href":"https:\/\/agencesaintmichel.com\/index.php\/wp-json\/wp\/v2\/pages\/2\/revisions\/4322"}],"wp:attachment":[{"href":"https:\/\/agencesaintmichel.com\/index.php\/wp-json\/wp\/v2\/media?parent=2"}],"curies":[{"name":"wp","href":"https:\/\/api.w.org\/{rel}","templated":true}]}}