{"id":3956,"date":"2025-07-07T08:57:57","date_gmt":"2025-07-07T07:57:57","guid":{"rendered":"http:\/\/agencfy.cluster100.hosting.ovh.net\/?page_id=3956"},"modified":"2025-07-10T12:49:16","modified_gmt":"2025-07-10T10:49:16","slug":"contact","status":"publish","type":"page","link":"https:\/\/agencesaintmichel.com\/index.php\/contact\/","title":{"rendered":"Contact"},"content":{"rendered":"<div class=\"wp-block-image\">\n<figure class=\"aligncenter size-full\"><img loading=\"lazy\" decoding=\"async\" width=\"900\" height=\"400\" src=\"http:\/\/agencfy.cluster100.hosting.ovh.net\/wp-content\/uploads\/2025\/07\/ASM4.jpg\" alt=\"\" class=\"wp-image-3833\" srcset=\"https:\/\/agencesaintmichel.com\/wp-content\/uploads\/2025\/07\/ASM4.jpg 900w, https:\/\/agencesaintmichel.com\/wp-content\/uploads\/2025\/07\/ASM4-300x133.jpg 300w, https:\/\/agencesaintmichel.com\/wp-content\/uploads\/2025\/07\/ASM4-768x341.jpg 768w\" sizes=\"auto, (max-width: 900px) 100vw, 900px\" \/><\/figure>\n<\/div>\n\n\n<div style=\"height:70px\" aria-hidden=\"true\" class=\"wp-block-spacer\"><\/div>\n\n\n\n<h2 class=\"wp-block-heading has-text-align-center\"><mark style=\"background-color:rgba(0, 0, 0, 0);color:#0b4d96\" class=\"has-inline-color\">Contact<\/mark><\/h2>\n\n\n\n<div style=\"height:48px\" aria-hidden=\"true\" class=\"wp-block-spacer\"><\/div>\n\n\n\n<p style=\"font-size:18px\">Nous sommes ravis de vous offrir une exp\u00e9rience personnalis\u00e9e et de r\u00e9pondre \u00e0 toutes vos questions. Vous pouvez nous contacter en remplissant le formulaire ou par t\u00e9l\u00e9phone.&nbsp;<\/p>\n\n\n\n<p style=\"font-size:18px\"><a href=\"https:\/\/agencesaintmichel.fr\/fr\/contact#\"><mark style=\"background-color:rgba(0, 0, 0, 0);color:#0b4d96\" class=\"has-inline-color\"><strong>Agence Saint-Michel<\/strong><\/mark><\/a><\/p>\n\n\n\n<p style=\"font-size:15px\">17 Rue des Hauts de Monte Carlo<br>06320 La Turbie<br>France<\/p>\n\n\n\n<p style=\"font-size:15px\"><a href=\"tel:+33-493410051\">+33 4 93 41 00 51<\/a><br><a href=\"tel:0680862433\">+33 6 80 86 24 33<\/a><br><a href=\"mailto:contact@agencesaintmichel.com\">contact@agencesaintmichel.com<\/a><\/p>\n\n\n<div class=\"wpforms-container wpforms-container-full wpforms-block wpforms-block-ee727959-01c4-4fe8-a771-d6b851971a6d wpforms-render-modern\" id=\"wpforms-3959\"><form id=\"wpforms-form-3959\" class=\"wpforms-validate wpforms-form wpforms-ajax-form\" data-formid=\"3959\" method=\"post\" enctype=\"multipart\/form-data\" action=\"\/index.php\/wp-json\/wp\/v2\/pages\/3956\" data-token=\"4103ccf1b0e57de921c52a371f8fc426\" data-token-time=\"1776304095\"><noscript class=\"wpforms-error-noscript\">Veuillez activer JavaScript dans votre navigateur pour remplir ce formulaire.<\/noscript><div id=\"wpforms-error-noscript\" style=\"display: none;\">Veuillez activer JavaScript dans votre navigateur pour remplir ce formulaire.<\/div><div class=\"wpforms-field-container\"><div id=\"wpforms-3959-field_1-container\" class=\"wpforms-field wpforms-field-name\" data-field-id=\"1\"><fieldset><legend class=\"wpforms-field-label\">Nom <span class=\"wpforms-required-label\" aria-hidden=\"true\">*<\/span><\/legend><div class=\"wpforms-field-row wpforms-field-medium\"><div class=\"wpforms-field-row-block wpforms-first wpforms-one-half\"><input type=\"text\" id=\"wpforms-3959-field_1\" class=\"wpforms-field-name-first wpforms-field-required\" name=\"wpforms[fields][1][first]\" aria-errormessage=\"wpforms-3959-field_1-error\" required><label for=\"wpforms-3959-field_1\" class=\"wpforms-field-sublabel after\">Pr\u00e9nom<\/label><\/div><div class=\"wpforms-field-row-block wpforms-one-half\"><input type=\"text\" id=\"wpforms-3959-field_1-last\" class=\"wpforms-field-name-last wpforms-field-required\" name=\"wpforms[fields][1][last]\" aria-errormessage=\"wpforms-3959-field_1-last-error\" required><label for=\"wpforms-3959-field_1-last\" class=\"wpforms-field-sublabel after\">Nom<\/label><\/div><\/div><\/fieldset><\/div><div id=\"wpforms-3959-field_4-container\" class=\"wpforms-field wpforms-field-text\" data-field-id=\"4\"><label class=\"wpforms-field-label\" for=\"wpforms-3959-field_4\">Portable \/ T\u00e9l\u00e9phone <span class=\"wpforms-required-label\" aria-hidden=\"true\">*<\/span><\/label><input type=\"text\" id=\"wpforms-3959-field_4\" class=\"wpforms-field-medium wpforms-field-required\" name=\"wpforms[fields][4]\" aria-errormessage=\"wpforms-3959-field_4-error\" required><\/div>\t\t<div id=\"wpforms-3959-field_5-container\"\n\t\t\tclass=\"wpforms-field wpforms-field-text\"\n\t\t\tdata-field-type=\"text\"\n\t\t\tdata-field-id=\"5\"\n\t\t\t>\n\t\t\t<label class=\"wpforms-field-label\" for=\"wpforms-3959-field_5\" >Commentaire Portable T\u00e9l\u00e9phone<\/label>\n\t\t\t<input type=\"text\" id=\"wpforms-3959-field_5\" class=\"wpforms-field-medium\" name=\"wpforms[fields][5]\" >\n\t\t<\/div>\n\t\t<div id=\"wpforms-3959-field_2-container\" class=\"wpforms-field wpforms-field-email\" data-field-id=\"2\"><label class=\"wpforms-field-label\" for=\"wpforms-3959-field_2\">Courriel <span class=\"wpforms-required-label\" aria-hidden=\"true\">*<\/span><\/label><input type=\"email\" id=\"wpforms-3959-field_2\" class=\"wpforms-field-medium wpforms-field-required\" name=\"wpforms[fields][2]\" spellcheck=\"false\" aria-errormessage=\"wpforms-3959-field_2-error\" required><\/div><div id=\"wpforms-3959-field_3-container\" class=\"wpforms-field wpforms-field-textarea\" data-field-id=\"3\"><label class=\"wpforms-field-label\" for=\"wpforms-3959-field_3\">Commentaire ou message<\/label><textarea id=\"wpforms-3959-field_3\" class=\"wpforms-field-medium\" name=\"wpforms[fields][3]\" aria-errormessage=\"wpforms-3959-field_3-error\" ><\/textarea><\/div><script>\n\t\t\t\t( function() {\n\t\t\t\t\tconst style = document.createElement( 'style' );\n\t\t\t\t\tstyle.appendChild( document.createTextNode( '#wpforms-3959-field_5-container { position: absolute !important; overflow: hidden !important; display: inline !important; height: 1px !important; width: 1px !important; z-index: -1000 !important; padding: 0 !important; } #wpforms-3959-field_5-container input { visibility: hidden; } #wpforms-conversational-form-page #wpforms-3959-field_5-container label { counter-increment: none; }' ) );\n\t\t\t\t\tdocument.head.appendChild( style );\n\t\t\t\t\tdocument.currentScript?.remove();\n\t\t\t\t} )();\n\t\t\t<\/script><\/div><!-- .wpforms-field-container --><div class=\"wpforms-recaptcha-container wpforms-is-hcaptcha\" ><div class=\"g-recaptcha\" data-sitekey=\"6430e808-8d00-43c2-8c42-bd42f2d00df2\"><\/div><input type=\"text\" name=\"g-recaptcha-hidden\" class=\"wpforms-recaptcha-hidden\" style=\"position:absolute!important;clip:rect(0,0,0,0)!important;height:1px!important;width:1px!important;border:0!important;overflow:hidden!important;padding:0!important;margin:0!important;\" data-rule-hcaptcha=\"1\"><\/div><div class=\"wpforms-submit-container\" ><input type=\"hidden\" name=\"wpforms[id]\" value=\"3959\"><input type=\"hidden\" name=\"page_title\" value=\"\"><input type=\"hidden\" name=\"page_url\" value=\"https:\/\/agencesaintmichel.com\/index.php\/wp-json\/wp\/v2\/pages\/3956\"><input type=\"hidden\" name=\"url_referer\" value=\"\"><button type=\"submit\" name=\"wpforms[submit]\" id=\"wpforms-submit-3959\" class=\"wpforms-submit\" data-alt-text=\"Envoi...\" data-submit-text=\"Envoyer\" aria-live=\"assertive\" value=\"wpforms-submit\">Envoyer<\/button><img loading=\"lazy\" decoding=\"async\" src=\"https:\/\/agencesaintmichel.com\/wp-content\/plugins\/wpforms-lite\/assets\/images\/submit-spin.svg\" class=\"wpforms-submit-spinner\" style=\"display: none;\" width=\"26\" height=\"26\" alt=\"Chargement en cours\"><\/div><\/form><\/div>  <!-- .wpforms-container -->","protected":false},"excerpt":{"rendered":"<p>Contact Nous sommes ravis de vous offrir une exp\u00e9rience personnalis\u00e9e et de r\u00e9pondre \u00e0 toutes vos questions. Vous pouvez nous contacter en remplissant le formulaire ou par t\u00e9l\u00e9phone.&nbsp; Agence Saint-Michel 17 Rue des Hauts de Monte Carlo06320 La TurbieFrance +33 4 93 41 00 51+33 6 80 86 24 33contact@agencesaintmichel.com<\/p>\n","protected":false},"author":1,"featured_media":0,"parent":0,"menu_order":0,"comment_status":"closed","ping_status":"closed","template":"","meta":{"footnotes":""},"class_list":["post-3956","page","type-page","status-publish","hentry"],"_links":{"self":[{"href":"https:\/\/agencesaintmichel.com\/index.php\/wp-json\/wp\/v2\/pages\/3956","targetHints":{"allow":["GET"]}}],"collection":[{"href":"https:\/\/agencesaintmichel.com\/index.php\/wp-json\/wp\/v2\/pages"}],"about":[{"href":"https:\/\/agencesaintmichel.com\/index.php\/wp-json\/wp\/v2\/types\/page"}],"author":[{"embeddable":true,"href":"https:\/\/agencesaintmichel.com\/index.php\/wp-json\/wp\/v2\/users\/1"}],"replies":[{"embeddable":true,"href":"https:\/\/agencesaintmichel.com\/index.php\/wp-json\/wp\/v2\/comments?post=3956"}],"version-history":[{"count":18,"href":"https:\/\/agencesaintmichel.com\/index.php\/wp-json\/wp\/v2\/pages\/3956\/revisions"}],"predecessor-version":[{"id":4340,"href":"https:\/\/agencesaintmichel.com\/index.php\/wp-json\/wp\/v2\/pages\/3956\/revisions\/4340"}],"wp:attachment":[{"href":"https:\/\/agencesaintmichel.com\/index.php\/wp-json\/wp\/v2\/media?parent=3956"}],"curies":[{"name":"wp","href":"https:\/\/api.w.org\/{rel}","templated":true}]}}